{"id":2182,"date":"2015-07-08T12:09:48","date_gmt":"2015-05-18T08:11:56","guid":{"rendered":"https:\/\/albergosantachiara.com\/faq\/"},"modified":"2024-07-11T09:44:44","modified_gmt":"2024-07-11T07:44:44","slug":"faq","status":"publish","type":"page","link":"https:\/\/www.albergosantachiara.com\/fr\/faq\/","title":{"rendered":"FAQ"},"content":{"rendered":"\t\t<div data-elementor-type=\"wp-page\" data-elementor-id=\"2182\" class=\"elementor elementor-2182 elementor-1555\" data-elementor-post-type=\"page\">\n\t\t\t\t\t\t<section class=\"elementor-section elementor-top-section elementor-element elementor-element-42e5fd47 elementor-section-boxed elementor-section-height-default elementor-section-height-default\" data-id=\"42e5fd47\" data-element_type=\"section\" data-e-type=\"section\">\n\t\t\t\t\t\t<div class=\"elementor-container elementor-column-gap-default\">\n\t\t\t\t\t<div class=\"elementor-column elementor-col-100 elementor-top-column elementor-element elementor-element-ae6cd64\" data-id=\"ae6cd64\" data-element_type=\"column\" data-e-type=\"column\">\n\t\t\t<div class=\"elementor-widget-wrap elementor-element-populated\">\n\t\t\t\t\t\t<div class=\"elementor-element elementor-element-46da6b8c elementor-widget elementor-widget-heading\" data-id=\"46da6b8c\" data-element_type=\"widget\" data-e-type=\"widget\" data-widget_type=\"heading.default\">\n\t\t\t\t<div class=\"elementor-widget-container\">\n\t\t\t\t\t<h1 class=\"elementor-heading-title elementor-size-default\">FAQ<\/h1>\t\t\t\t<\/div>\n\t\t\t\t<\/div>\n\t\t\t\t\t<\/div>\n\t\t<\/div>\n\t\t\t\t\t<\/div>\n\t\t<\/section>\n\t\t\t\t<section class=\"elementor-section elementor-top-section elementor-element elementor-element-5dbe602 elementor-section-boxed elementor-section-height-default elementor-section-height-default\" data-id=\"5dbe602\" data-element_type=\"section\" data-e-type=\"section\">\n\t\t\t\t\t\t<div class=\"elementor-container elementor-column-gap-default\">\n\t\t\t\t\t<div class=\"elementor-column elementor-col-100 elementor-top-column elementor-element elementor-element-08a641c\" data-id=\"08a641c\" data-element_type=\"column\" data-e-type=\"column\">\n\t\t\t<div class=\"elementor-widget-wrap elementor-element-populated\">\n\t\t\t\t\t\t<div class=\"elementor-element elementor-element-0856363 elementor-widget elementor-widget-accordion\" data-id=\"0856363\" data-element_type=\"widget\" data-e-type=\"widget\" data-widget_type=\"accordion.default\">\n\t\t\t\t<div class=\"elementor-widget-container\">\n\t\t\t\t\t\t\t<div class=\"elementor-accordion\">\n\t\t\t\t\t\t\t<div class=\"elementor-accordion-item\">\n\t\t\t\t\t<div id=\"elementor-tab-title-8741\" class=\"elementor-tab-title\" data-tab=\"1\" role=\"button\" aria-controls=\"elementor-tab-content-8741\" aria-expanded=\"false\">\n\t\t\t\t\t\t\t\t\t\t\t\t\t<span class=\"elementor-accordion-icon elementor-accordion-icon-left\" aria-hidden=\"true\">\n\t\t\t\t\t\t\t\t\t\t\t\t\t\t\t<span class=\"elementor-accordion-icon-closed\"><i class=\"fas fa-plus\"><\/i><\/span>\n\t\t\t\t\t\t\t\t<span class=\"elementor-accordion-icon-opened\"><i class=\"fas fa-minus\"><\/i><\/span>\n\t\t\t\t\t\t\t\t\t\t\t\t\t\t<\/span>\n\t\t\t\t\t\t\t\t\t\t\t\t<a class=\"elementor-accordion-title\" tabindex=\"0\">Le petit-d\u00e9jeuner est-il inclus ?<\/a>\n\t\t\t\t\t<\/div>\n\t\t\t\t\t<div id=\"elementor-tab-content-8741\" class=\"elementor-tab-content elementor-clearfix\" data-tab=\"1\" role=\"region\" aria-labelledby=\"elementor-tab-title-8741\"><p>Seulement si votre r\u00e9servation a un le tarif est avec petit d\u00e9jeuner inclus. La salle du petit d\u00e9jeuner est ouverte tous les jours de 07.00 jusqu\u2019\u00e0 10.30<\/p><\/div>\n\t\t\t\t<\/div>\n\t\t\t\t\t\t\t<div class=\"elementor-accordion-item\">\n\t\t\t\t\t<div id=\"elementor-tab-title-8742\" class=\"elementor-tab-title\" data-tab=\"2\" role=\"button\" aria-controls=\"elementor-tab-content-8742\" aria-expanded=\"false\">\n\t\t\t\t\t\t\t\t\t\t\t\t\t<span class=\"elementor-accordion-icon elementor-accordion-icon-left\" aria-hidden=\"true\">\n\t\t\t\t\t\t\t\t\t\t\t\t\t\t\t<span class=\"elementor-accordion-icon-closed\"><i class=\"fas fa-plus\"><\/i><\/span>\n\t\t\t\t\t\t\t\t<span class=\"elementor-accordion-icon-opened\"><i class=\"fas fa-minus\"><\/i><\/span>\n\t\t\t\t\t\t\t\t\t\t\t\t\t\t<\/span>\n\t\t\t\t\t\t\t\t\t\t\t\t<a class=\"elementor-accordion-title\" tabindex=\"0\">Y a-t-il une connexion Internet dans l'h\u00f4tel ?<\/a>\n\t\t\t\t\t<\/div>\n\t\t\t\t\t<div id=\"elementor-tab-content-8742\" class=\"elementor-tab-content elementor-clearfix\" data-tab=\"2\" role=\"region\" aria-labelledby=\"elementor-tab-title-8742\"><p>Oui, l\u2019h\u00f4tel offre une connexion Wi-fi gratuite dans les chambres et dans les parties communes.<\/p><\/div>\n\t\t\t\t<\/div>\n\t\t\t\t\t\t\t<div class=\"elementor-accordion-item\">\n\t\t\t\t\t<div id=\"elementor-tab-title-8743\" class=\"elementor-tab-title\" data-tab=\"3\" role=\"button\" aria-controls=\"elementor-tab-content-8743\" aria-expanded=\"false\">\n\t\t\t\t\t\t\t\t\t\t\t\t\t<span class=\"elementor-accordion-icon elementor-accordion-icon-left\" aria-hidden=\"true\">\n\t\t\t\t\t\t\t\t\t\t\t\t\t\t\t<span class=\"elementor-accordion-icon-closed\"><i class=\"fas fa-plus\"><\/i><\/span>\n\t\t\t\t\t\t\t\t<span class=\"elementor-accordion-icon-opened\"><i class=\"fas fa-minus\"><\/i><\/span>\n\t\t\t\t\t\t\t\t\t\t\t\t\t\t<\/span>\n\t\t\t\t\t\t\t\t\t\t\t\t<a class=\"elementor-accordion-title\" tabindex=\"0\">Puis-je arriver en voiture ?<\/a>\n\t\t\t\t\t<\/div>\n\t\t\t\t\t<div id=\"elementor-tab-content-8743\" class=\"elementor-tab-content elementor-clearfix\" data-tab=\"3\" role=\"region\" aria-labelledby=\"elementor-tab-title-8743\"><p>Oui, mais nous sommes situ\u00e9s dans le centre historique, donc dans une zone \u00e0 circulation limit\u00e9e et nous n\u2019avons pas de parking,\u00a0 <span lang=\"FR\">les permis pour entrer dans cette zone a trafic limit\u00e9<\/span>. Nous invitons donc ceux qui ont cette exigence \u00e0 contacter notre personnel pour plus d\u2019informations.<\/p><\/div>\n\t\t\t\t<\/div>\n\t\t\t\t\t\t\t<div class=\"elementor-accordion-item\">\n\t\t\t\t\t<div id=\"elementor-tab-title-8744\" class=\"elementor-tab-title\" data-tab=\"4\" role=\"button\" aria-controls=\"elementor-tab-content-8744\" aria-expanded=\"false\">\n\t\t\t\t\t\t\t\t\t\t\t\t\t<span class=\"elementor-accordion-icon elementor-accordion-icon-left\" aria-hidden=\"true\">\n\t\t\t\t\t\t\t\t\t\t\t\t\t\t\t<span class=\"elementor-accordion-icon-closed\"><i class=\"fas fa-plus\"><\/i><\/span>\n\t\t\t\t\t\t\t\t<span class=\"elementor-accordion-icon-opened\"><i class=\"fas fa-minus\"><\/i><\/span>\n\t\t\t\t\t\t\t\t\t\t\t\t\t\t<\/span>\n\t\t\t\t\t\t\t\t\t\t\t\t<a class=\"elementor-accordion-title\" tabindex=\"0\">Offrez-vous un service de blanchisserie ?<\/a>\n\t\t\t\t\t<\/div>\n\t\t\t\t\t<div id=\"elementor-tab-content-8744\" class=\"elementor-tab-content elementor-clearfix\" data-tab=\"4\" role=\"region\" aria-labelledby=\"elementor-tab-title-8744\"><p>Oui, le service de blanchisserie externe avec livraison le jour m\u00eame est disponible du lundi au samedi. Dans les chambres, vous trouverez le formulaire \u00e0 remplir avec les informations et les prix.<\/p><\/div>\n\t\t\t\t<\/div>\n\t\t\t\t\t\t\t<div class=\"elementor-accordion-item\">\n\t\t\t\t\t<div id=\"elementor-tab-title-8745\" class=\"elementor-tab-title\" data-tab=\"5\" role=\"button\" aria-controls=\"elementor-tab-content-8745\" aria-expanded=\"false\">\n\t\t\t\t\t\t\t\t\t\t\t\t\t<span class=\"elementor-accordion-icon elementor-accordion-icon-left\" aria-hidden=\"true\">\n\t\t\t\t\t\t\t\t\t\t\t\t\t\t\t<span class=\"elementor-accordion-icon-closed\"><i class=\"fas fa-plus\"><\/i><\/span>\n\t\t\t\t\t\t\t\t<span class=\"elementor-accordion-icon-opened\"><i class=\"fas fa-minus\"><\/i><\/span>\n\t\t\t\t\t\t\t\t\t\t\t\t\t\t<\/span>\n\t\t\t\t\t\t\t\t\t\t\t\t<a class=\"elementor-accordion-title\" tabindex=\"0\">Y a-t-il la climatisation ?<\/a>\n\t\t\t\t\t<\/div>\n\t\t\t\t\t<div id=\"elementor-tab-content-8745\" class=\"elementor-tab-content elementor-clearfix\" data-tab=\"5\" role=\"region\" aria-labelledby=\"elementor-tab-title-8745\"><p>L\u2019h\u00f4tel dispose de la climatisation ou du chauffage selon la saison.<\/p><\/div>\n\t\t\t\t<\/div>\n\t\t\t\t\t\t\t<div class=\"elementor-accordion-item\">\n\t\t\t\t\t<div id=\"elementor-tab-title-8746\" class=\"elementor-tab-title\" data-tab=\"6\" role=\"button\" aria-controls=\"elementor-tab-content-8746\" aria-expanded=\"false\">\n\t\t\t\t\t\t\t\t\t\t\t\t\t<span class=\"elementor-accordion-icon elementor-accordion-icon-left\" aria-hidden=\"true\">\n\t\t\t\t\t\t\t\t\t\t\t\t\t\t\t<span class=\"elementor-accordion-icon-closed\"><i class=\"fas fa-plus\"><\/i><\/span>\n\t\t\t\t\t\t\t\t<span class=\"elementor-accordion-icon-opened\"><i class=\"fas fa-minus\"><\/i><\/span>\n\t\t\t\t\t\t\t\t\t\t\t\t\t\t<\/span>\n\t\t\t\t\t\t\t\t\t\t\t\t<a class=\"elementor-accordion-title\" tabindex=\"0\">Est-il possible d'organiser des transferts depuis et vers l'a\u00e9roport ?<\/a>\n\t\t\t\t\t<\/div>\n\t\t\t\t\t<div id=\"elementor-tab-content-8746\" class=\"elementor-tab-content elementor-clearfix\" data-tab=\"6\" role=\"region\" aria-labelledby=\"elementor-tab-title-8746\"><p>Oui, il est possible de r\u00e9server des transferts avec une voiture et un chauffeur priv\u00e9s. Pour plus de d\u00e9tails, veuillez contacter notre personnel<\/p><\/div>\n\t\t\t\t<\/div>\n\t\t\t\t\t\t\t<div class=\"elementor-accordion-item\">\n\t\t\t\t\t<div id=\"elementor-tab-title-8747\" class=\"elementor-tab-title\" data-tab=\"7\" role=\"button\" aria-controls=\"elementor-tab-content-8747\" aria-expanded=\"false\">\n\t\t\t\t\t\t\t\t\t\t\t\t\t<span class=\"elementor-accordion-icon elementor-accordion-icon-left\" aria-hidden=\"true\">\n\t\t\t\t\t\t\t\t\t\t\t\t\t\t\t<span class=\"elementor-accordion-icon-closed\"><i class=\"fas fa-plus\"><\/i><\/span>\n\t\t\t\t\t\t\t\t<span class=\"elementor-accordion-icon-opened\"><i class=\"fas fa-minus\"><\/i><\/span>\n\t\t\t\t\t\t\t\t\t\t\t\t\t\t<\/span>\n\t\t\t\t\t\t\t\t\t\t\t\t<a class=\"elementor-accordion-title\" tabindex=\"0\">O\u00f9 \u00eates-vous situ\u00e9 ?<\/a>\n\t\t\t\t\t<\/div>\n\t\t\t\t\t<div id=\"elementor-tab-content-8747\" class=\"elementor-tab-content elementor-clearfix\" data-tab=\"7\" role=\"region\" aria-labelledby=\"elementor-tab-title-8747\"><p>Nous sommes au c\u0153ur de Rome, derri\u00e8re le Panth\u00e9on ; voici une id\u00e9e des distances : Panth\u00e9on : 50 m\u00e8tres Piazza Navona : 220 m\u00e8tres Piazza Venezia : 500 m\u00e8tres Via del Corso : 700 m\u00e8tres Piazza di Spagna : 800 m\u00e8tres Cit\u00e9 du Vatican : 1 km Gare Termini : 3,5 km A\u00e9roport international Fiumicino Leonardo da Vinci : 35 km A\u00e9roport international Ciampino : 21 km<\/p><\/div>\n\t\t\t\t<\/div>\n\t\t\t\t\t\t\t\t<\/div>\n\t\t\t\t\t\t<\/div>\n\t\t\t\t<\/div>\n\t\t\t\t\t<\/div>\n\t\t<\/div>\n\t\t\t\t\t<\/div>\n\t\t<\/section>\n\t\t\t\t<\/div>\n\t\t","protected":false},"excerpt":{"rendered":"<p>Le petit-d\u00e9jeuner est-il inclus ? Seulement si votre r\u00e9servation a un le tarif est avec petit d\u00e9jeuner inclus. La salle du petit d\u00e9jeuner est ouverte tous les jours de 07.00 jusqu\u2019\u00e0 10.30 Y a-t-il une connexion Internet dans l&rsquo;h\u00f4tel ? Oui, l\u2019h\u00f4tel offre une connexion Wi-fi gratuite dans les chambres et dans les parties communes. [&hellip;]<\/p>\n","protected":false},"author":1,"featured_media":0,"parent":0,"menu_order":0,"comment_status":"closed","ping_status":"closed","template":"","meta":{"footnotes":""},"class_list":["post-2182","page","type-page","status-publish","hentry"],"_links":{"self":[{"href":"https:\/\/www.albergosantachiara.com\/fr\/wp-json\/wp\/v2\/pages\/2182","targetHints":{"allow":["GET"]}}],"collection":[{"href":"https:\/\/www.albergosantachiara.com\/fr\/wp-json\/wp\/v2\/pages"}],"about":[{"href":"https:\/\/www.albergosantachiara.com\/fr\/wp-json\/wp\/v2\/types\/page"}],"author":[{"embeddable":true,"href":"https:\/\/www.albergosantachiara.com\/fr\/wp-json\/wp\/v2\/users\/1"}],"replies":[{"embeddable":true,"href":"https:\/\/www.albergosantachiara.com\/fr\/wp-json\/wp\/v2\/comments?post=2182"}],"version-history":[{"count":13,"href":"https:\/\/www.albergosantachiara.com\/fr\/wp-json\/wp\/v2\/pages\/2182\/revisions"}],"predecessor-version":[{"id":21267,"href":"https:\/\/www.albergosantachiara.com\/fr\/wp-json\/wp\/v2\/pages\/2182\/revisions\/21267"}],"wp:attachment":[{"href":"https:\/\/www.albergosantachiara.com\/fr\/wp-json\/wp\/v2\/media?parent=2182"}],"curies":[{"name":"wp","href":"https:\/\/api.w.org\/{rel}","templated":true}]}}

<div data-elementor-type="wp-page" data-elementor-id="2182" class="elementor elementor-2182 elementor-1555" data-elementor-post-type="page">
						<section class="elementor-section elementor-top-section elementor-element elementor-element-42e5fd47 elementor-section-boxed elementor-section-height-default elementor-section-height-default" data-id="42e5fd47" data-element_type="section" data-e-type="section">
						<div class="elementor-container elementor-column-gap-default">
					<div class="elementor-column elementor-col-100 elementor-top-column elementor-element elementor-element-ae6cd64" data-id="ae6cd64" data-element_type="column" data-e-type="column">
			<div class="elementor-widget-wrap elementor-element-populated">
						<div class="elementor-element elementor-element-46da6b8c elementor-widget elementor-widget-heading" data-id="46da6b8c" data-element_type="widget" data-e-type="widget" data-widget_type="heading.default">
				<div class="elementor-widget-container">
					<h1 class="elementor-heading-title elementor-size-default">FAQ</h1>				</div>
				</div>
					</div>
		</div>
					</div>
		</section>
				<section class="elementor-section elementor-top-section elementor-element elementor-element-5dbe602 elementor-section-boxed elementor-section-height-default elementor-section-height-default" data-id="5dbe602" data-element_type="section" data-e-type="section">
						<div class="elementor-container elementor-column-gap-default">
					<div class="elementor-column elementor-col-100 elementor-top-column elementor-element elementor-element-08a641c" data-id="08a641c" data-element_type="column" data-e-type="column">
			<div class="elementor-widget-wrap elementor-element-populated">
						<div class="elementor-element elementor-element-0856363 elementor-widget elementor-widget-accordion" data-id="0856363" data-element_type="widget" data-e-type="widget" data-widget_type="accordion.default">
				<div class="elementor-widget-container">
							<div class="elementor-accordion">
							<div class="elementor-accordion-item">
					<div id="elementor-tab-title-8741" class="elementor-tab-title" data-tab="1" role="button" aria-controls="elementor-tab-content-8741" aria-expanded="false">
													<span class="elementor-accordion-icon elementor-accordion-icon-left" aria-hidden="true">
															<span class="elementor-accordion-icon-closed"><i class="fas fa-plus"></i></span>
								<span class="elementor-accordion-icon-opened"><i class="fas fa-minus"></i></span>
														</span>
												<a class="elementor-accordion-title" tabindex="0">Le petit-déjeuner est-il inclus ?</a>
					</div>
					<div id="elementor-tab-content-8741" class="elementor-tab-content elementor-clearfix" data-tab="1" role="region" aria-labelledby="elementor-tab-title-8741"><p>Seulement si votre réservation a un le tarif est avec petit déjeuner inclus. La salle du petit déjeuner est ouverte tous les jours de 07.00 jusqu’à 10.30</p></div>
				</div>
							<div class="elementor-accordion-item">
					<div id="elementor-tab-title-8742" class="elementor-tab-title" data-tab="2" role="button" aria-controls="elementor-tab-content-8742" aria-expanded="false">
													<span class="elementor-accordion-icon elementor-accordion-icon-left" aria-hidden="true">
															<span class="elementor-accordion-icon-closed"><i class="fas fa-plus"></i></span>
								<span class="elementor-accordion-icon-opened"><i class="fas fa-minus"></i></span>
														</span>
												<a class="elementor-accordion-title" tabindex="0">Y a-t-il une connexion Internet dans l'hôtel ?</a>
					</div>
					<div id="elementor-tab-content-8742" class="elementor-tab-content elementor-clearfix" data-tab="2" role="region" aria-labelledby="elementor-tab-title-8742"><p>Oui, l’hôtel offre une connexion Wi-fi gratuite dans les chambres et dans les parties communes.</p></div>
				</div>
							<div class="elementor-accordion-item">
					<div id="elementor-tab-title-8743" class="elementor-tab-title" data-tab="3" role="button" aria-controls="elementor-tab-content-8743" aria-expanded="false">
													<span class="elementor-accordion-icon elementor-accordion-icon-left" aria-hidden="true">
															<span class="elementor-accordion-icon-closed"><i class="fas fa-plus"></i></span>
								<span class="elementor-accordion-icon-opened"><i class="fas fa-minus"></i></span>
														</span>
												<a class="elementor-accordion-title" tabindex="0">Puis-je arriver en voiture ?</a>
					</div>
					<div id="elementor-tab-content-8743" class="elementor-tab-content elementor-clearfix" data-tab="3" role="region" aria-labelledby="elementor-tab-title-8743"><p>Oui, mais nous sommes situés dans le centre historique, donc dans une zone à circulation limitée et nous n’avons pas de parking,  <span lang="FR">les permis pour entrer dans cette zone a trafic limité</span>. Nous invitons donc ceux qui ont cette exigence à contacter notre personnel pour plus d’informations.</p></div>
				</div>
							<div class="elementor-accordion-item">
					<div id="elementor-tab-title-8744" class="elementor-tab-title" data-tab="4" role="button" aria-controls="elementor-tab-content-8744" aria-expanded="false">
													<span class="elementor-accordion-icon elementor-accordion-icon-left" aria-hidden="true">
															<span class="elementor-accordion-icon-closed"><i class="fas fa-plus"></i></span>
								<span class="elementor-accordion-icon-opened"><i class="fas fa-minus"></i></span>
														</span>
												<a class="elementor-accordion-title" tabindex="0">Offrez-vous un service de blanchisserie ?</a>
					</div>
					<div id="elementor-tab-content-8744" class="elementor-tab-content elementor-clearfix" data-tab="4" role="region" aria-labelledby="elementor-tab-title-8744"><p>Oui, le service de blanchisserie externe avec livraison le jour même est disponible du lundi au samedi. Dans les chambres, vous trouverez le formulaire à remplir avec les informations et les prix.</p></div>
				</div>
							<div class="elementor-accordion-item">
					<div id="elementor-tab-title-8745" class="elementor-tab-title" data-tab="5" role="button" aria-controls="elementor-tab-content-8745" aria-expanded="false">
													<span class="elementor-accordion-icon elementor-accordion-icon-left" aria-hidden="true">
															<span class="elementor-accordion-icon-closed"><i class="fas fa-plus"></i></span>
								<span class="elementor-accordion-icon-opened"><i class="fas fa-minus"></i></span>
														</span>
												<a class="elementor-accordion-title" tabindex="0">Y a-t-il la climatisation ?</a>
					</div>
					<div id="elementor-tab-content-8745" class="elementor-tab-content elementor-clearfix" data-tab="5" role="region" aria-labelledby="elementor-tab-title-8745"><p>L’hôtel dispose de la climatisation ou du chauffage selon la saison.</p></div>
				</div>
							<div class="elementor-accordion-item">
					<div id="elementor-tab-title-8746" class="elementor-tab-title" data-tab="6" role="button" aria-controls="elementor-tab-content-8746" aria-expanded="false">
													<span class="elementor-accordion-icon elementor-accordion-icon-left" aria-hidden="true">
															<span class="elementor-accordion-icon-closed"><i class="fas fa-plus"></i></span>
								<span class="elementor-accordion-icon-opened"><i class="fas fa-minus"></i></span>
														</span>
												<a class="elementor-accordion-title" tabindex="0">Est-il possible d'organiser des transferts depuis et vers l'aéroport ?</a>
					</div>
					<div id="elementor-tab-content-8746" class="elementor-tab-content elementor-clearfix" data-tab="6" role="region" aria-labelledby="elementor-tab-title-8746"><p>Oui, il est possible de réserver des transferts avec une voiture et un chauffeur privés. Pour plus de détails, veuillez contacter notre personnel</p></div>
				</div>
							<div class="elementor-accordion-item">
					<div id="elementor-tab-title-8747" class="elementor-tab-title" data-tab="7" role="button" aria-controls="elementor-tab-content-8747" aria-expanded="false">
													<span class="elementor-accordion-icon elementor-accordion-icon-left" aria-hidden="true">
															<span class="elementor-accordion-icon-closed"><i class="fas fa-plus"></i></span>
								<span class="elementor-accordion-icon-opened"><i class="fas fa-minus"></i></span>
														</span>
												<a class="elementor-accordion-title" tabindex="0">Où êtes-vous situé ?</a>
					</div>
					<div id="elementor-tab-content-8747" class="elementor-tab-content elementor-clearfix" data-tab="7" role="region" aria-labelledby="elementor-tab-title-8747"><p>Nous sommes au cœur de Rome, derrière le Panthéon ; voici une idée des distances : Panthéon : 50 mètres Piazza Navona : 220 mètres Piazza Venezia : 500 mètres Via del Corso : 700 mètres Piazza di Spagna : 800 mètres Cité du Vatican : 1 km Gare Termini : 3,5 km Aéroport international Fiumicino Leonardo da Vinci : 35 km Aéroport international Ciampino : 21 km</p></div>
				</div>
								</div>
						</div>
				</div>
					</div>
		</div>
					</div>
		</section>
				</div>

<p>Le petit-déjeuner est-il inclus ? Seulement si votre réservation a un le tarif est avec petit déjeuner inclus. La salle du petit déjeuner est ouverte tous les jours de 07.00 jusqu’à 10.30 Y a-t-il une connexion Internet dans l&rsquo;hôtel ? Oui, l’hôtel offre une connexion Wi-fi gratuite dans les chambres et dans les parties communes. [&hellip;]</p>
